{"id":2326,"date":"2025-03-16T19:24:35","date_gmt":"2025-03-16T18:24:35","guid":{"rendered":"https:\/\/knof.fuw.edu.pl\/?page_id=2326"},"modified":"2025-03-16T19:34:46","modified_gmt":"2025-03-16T18:34:46","slug":"czlonkostwo","status":"publish","type":"page","link":"https:\/\/knof.fuw.edu.pl\/index.php\/czlonkostwo\/","title":{"rendered":"Cz\u0142onkostwo"},"content":{"rendered":"\n<p>Poradniki jak do\u0142\u0105czy\u0107 do sekcji KNOF:<\/p>\n\n\n\n<ol class=\"wp-block-list\">\n<li><a href=\"https:\/\/knof.fuw.edu.pl\/index.php\/czlonkostwo\/dolacz-do-sekcji-eps\/\" data-type=\"page\" data-id=\"2308\">Do\u0142\u0105cz do sekcji EPS<\/a><\/li>\n\n\n\n<li><a href=\"https:\/\/knof.fuw.edu.pl\/index.php\/dolacz-do-ieee\/\" data-type=\"page\" data-id=\"2338\">Do\u0142\u0105cz do IEEE<\/a><\/li>\n\n\n\n<li><a href=\"https:\/\/knof.fuw.edu.pl\/index.php\/czlonkostwo\/dolacz-do-optica\/\" data-type=\"page\" data-id=\"2334\">Do\u0142\u0105cz do OPTICA<\/a><\/li>\n\n\n\n<li><a href=\"https:\/\/knof.fuw.edu.pl\/index.php\/dolacz-do-spie\/\" data-type=\"page\" data-id=\"2336\">Do\u0142\u0105cz do SPIE<\/a><\/li>\n<\/ol>\n\n\n\n<p><\/p>\n","protected":false},"excerpt":{"rendered":"<p>Poradniki jak do\u0142\u0105czy\u0107 do sekcji KNOF:<\/p>\n","protected":false},"author":20,"featured_media":0,"parent":0,"menu_order":0,"comment_status":"closed","ping_status":"closed","template":"","meta":{"footnotes":""},"class_list":["post-2326","page","type-page","status-publish","hentry"],"_links":{"self":[{"href":"https:\/\/knof.fuw.edu.pl\/index.php\/wp-json\/wp\/v2\/pages\/2326","targetHints":{"allow":["GET"]}}],"collection":[{"href":"https:\/\/knof.fuw.edu.pl\/index.php\/wp-json\/wp\/v2\/pages"}],"about":[{"href":"https:\/\/knof.fuw.edu.pl\/index.php\/wp-json\/wp\/v2\/types\/page"}],"author":[{"embeddable":true,"href":"https:\/\/knof.fuw.edu.pl\/index.php\/wp-json\/wp\/v2\/users\/20"}],"replies":[{"embeddable":true,"href":"https:\/\/knof.fuw.edu.pl\/index.php\/wp-json\/wp\/v2\/comments?post=2326"}],"version-history":[{"count":3,"href":"https:\/\/knof.fuw.edu.pl\/index.php\/wp-json\/wp\/v2\/pages\/2326\/revisions"}],"predecessor-version":[{"id":2344,"href":"https:\/\/knof.fuw.edu.pl\/index.php\/wp-json\/wp\/v2\/pages\/2326\/revisions\/2344"}],"wp:attachment":[{"href":"https:\/\/knof.fuw.edu.pl\/index.php\/wp-json\/wp\/v2\/media?parent=2326"}],"curies":[{"name":"wp","href":"https:\/\/api.w.org\/{rel}","templated":true}]}}